of b and 40?
10
Suppose 6*a - 75 = a + 5*u, 0 = 4*a + 5*u - 69. Let g = 2 - 1. Let b be (-39)/(-1) + 0 + g. What is the greatest common factor of b and a?
8
Let w(t) = -t**2 + 6*t + 3. Suppose 0 = 3*o + 3*x - 6, -20 = -x + 6*x. Let c be w(o). What is the greatest common divisor of c and 3?
3
Let q(d) = d**3 - 12*d**2 + 14*d - 3. Let i be q(11). Suppose -i = -z - 0*z. What is the greatest common divisor of 20 and z?
10
Suppose -2*p + 2 = -22. Let m(x) = 7*x**2 - 5*x + 4. Let o be m(4). Calculate the highest common factor of o and p.
12
Let z(o) = -o**2 - 5*o + 2. Let c be z(-3). Suppose 72 = 37*y - 34*y. Calculate the highest common factor of y and c.
8
Suppose -5*y + 4*y - 84 = 0. Let o = -56 - y. Calculate the greatest common divisor of 42 and o.
14
Suppose -9 = -8*z + 5*z. Calculate the highest common factor of 9 and z.
3
Let q(y) = y**3 - 9*y**2 + 8*y + 3. Let p be q(8). Suppose p*i - 4*i = -15. What is the highest common factor of i and 6?
3
Suppose -n = 1 - 6. Suppose 0 = -3*f - 5*z + 24, n*f - 3*f = -z + 16. Calculate the greatest common divisor of 24 and f.
8
Suppose 0 = -p + 2*p. Let n be (2 + p - 147)*-2. Suppose -n = -5*g + 35. Calculate the highest common factor of g and 26.
13
Let l be 6/(-4)*26/(-3). What is the greatest common factor of 117 and l?
13
Let w be 76/(-4)*9/(-9). What is the greatest common factor of w and 133?
19
Let p be (5/(-2))/(14/(-28)). Calculate the greatest common factor of p and 50.
5
Let s(v) = -v**2 - 9*v + 2. Let x be s(-8). Let z = 9 + 101. Calculate the highest common factor of x and z.
10
Let z(u) = u**3 - 14*u**2 - 14*u + 6. Let a be z(15). What is the highest common divisor of a and 14?
7
Let h = 58 + -54. What is the highest common divisor of 16 and h?
4
Suppose 0 = b + b - 40. What is the highest common divisor of 60 and b?
20
Let u = -8 - -14. Suppose 5*a + 0*a = -4*p - u, 4*a = 4*p + 24. Suppose -1 - 3 = -a*t. What is the greatest common factor of 3 and t?
1
Suppose -3*z + 81 = 3*x, x - z - z - 36 = 0. Calculate the highest common divisor of x and 6.
6
Let a(o) = o**2 + 4*o. Let y be a(-2). Let v be 106/10 - y/10. Calculate the greatest common factor of 33 and v.
11
Let s = 93 - 75. Let b be -2 - -10*(-1 - -2). Let l be 6/4*b/6. What is the greatest common divisor of s and l?
2
Let f = -27 + 55. Calculate the highest common divisor of f and 42.
14
Suppose 19*t = 20*t - 49. What is the highest common divisor of t and 441?
49
Let a be 3/(-2)*(-12)/9. Let v(u) = -2*u - 8. Let z be v(-8). Calculate the highest common divisor of z and a.
2
Let g = -17 - -28. Calculate the greatest common factor of 1 and g.
1
Suppose -3*v + 56 = v. Let c = -51 - -205. Calculate the greatest common factor of c and v.
14
Let x = -5 + 0. Let j(m) = m**2 + 4*m - 1. Let p be j(x). Let g be (1 - -1)*(6 - 2). Calculate the highest common divisor of p and g.
4
Let k = -1 + -21. Let j = 52 + k. What is the highest common factor of j and 75?
15
Suppose -4*z - 2 = -6. Suppose -3*k + 0*k = -78. Let l = z + k. What is the greatest common factor of 18 and l?
9
Let b be 17 + (1 - 1) + 1. Let w be (-9)/2*(-96)/b. Calculate the greatest common factor of 24 and w.
24
Suppose 4*d - 1462 = -70. Let u be (-4)/6 - d/(-9). Calculate the highest common divisor of 57 and u.
19
Let b(l) = -26*l + 1. Let s be b(-1). Calculate the greatest common factor of 243 and s.
27
Suppose -84 = -5*a - v, 18 = 3*a - 2*v - 35. Calculate the highest common divisor of 85 and a.
17
Let k be 4/18 + (-68)/(-18). Suppose k*y = -0*y + 16, 2*q - 96 = 2*y. What is the greatest common factor of q and 13?
13
Suppose -c - 3*u = c + 7, -5*u - 20 = -5*c. Let v be 12*(-1)/c*-1. Calculate the highest common factor of 24 and v.
12
Let b(j) = -23*j**3 - 2*j**2 + j + 2. Let f be b(-1). Calculate the highest common divisor of f and 88.
22
Let y = 1 + -1. Suppose y = -3*a + 18 + 162. What is the greatest common divisor of a and 12?
12
Let a = 0 - -3. Let t be (-3)/a - 0 - -1. Let d = 3 + t. Calculate the greatest common factor of 1 and d.
1
Let a be -222*(28/(-8) + 3). Let o be -1*(1 + 0) + a. What is the highest common factor of o and 22?
22
Let k be (-11 + 7)*(-13)/4. What is the greatest common factor of 52 and k?
13
Suppose -3*c = -3*x, c + 3*x + x - 20 = 0. Suppose -7 = -c*t - 2*r + 3, 4*r = 2*t - 20. What is the highest common divisor of 8 and t?
4
Let c(h) = h + 3. Let k be c(13). Calculate the greatest common factor of k and 144.
16
Let f(y) = 4*y + 4. Let a = 19 - -2. Suppose -4*u + a = 3*t - 12, t - 19 = -4*u. Let m be f(t). Calculate the greatest common divisor of m and 16.
16
Suppose -i = -u - 8, 2*i - i = 5*u - 4. Suppose -2*f + 91 = 4*d + i, -3*d - 4*f = -60. What is the highest common divisor of 60 and d?
20
Let s be -2*5*(-15)/3. Suppose 0 = u - 6*u + s. Let n(t) = t**2 + t + 10. Let a be n(0). Calculate the highest common factor of u and a.
10
Suppose -4*w + 93 = 3*z, 3*z - 3*w = z + 62. What is the greatest common divisor of 248 and z?
31
Let i be (-3669)/(-33) + (-4)/22. Calculate the highest common factor of 74 and i.
37
Let p be (-14)/(-49)*(5 - -2). What is the greatest common factor of p and 6?
2
Suppose -x + 4 = 1. Suppose -k = x - 10. Calculate the greatest common divisor of 21 and k.
7
Let t(u) = -u**2 - 6*u + 9. Let l be t(-7). Suppose -l*b - 198 = -4*b. Calculate the greatest common divisor of b and 9.
9
Let c be (3 + -1 - 2)/(-1). Let y be -1 - -2 - c/5. Calculate the greatest common factor of 3 and y.
1
Let n = 4 - 0. Suppose 0 = -3*i + n + 44. Calculate the highest common factor of i and 16.
16
Suppose 0*l = 3*l - 4*h - 1, 3*h - 18 = -4*l. Suppose -4*z + z = l. Let k be 1 + z + 2 + 37. Calculate the highest common factor of k and 13.
13
Suppose 56 - 11 = 5*r. What is the greatest common divisor of 18 and r?
9
Suppose -2*k = -4, -3*o + 0*o + 4*k + 40 = 0. Let f = -10 + o. What is the highest common divisor of f and 6?
6
Suppose j + 7*j - 80 = 0. Suppose -4*g = 2*t - 32, 0*t - 3*t - 4*g + 52 = 0. What is the greatest common divisor of t and j?
10
Let f(q) = q**3 + 8*q**2 - 11*q - 13. Let r be f(-9). Suppose -r*a + 58 = -52. What is the highest common divisor of 11 and a?
11
Suppose b - 3 = 1. Suppose -6*h = -4*h - b*q - 24, h = -3*q - 13. Suppose h*p + 2*n + 0 = 8, -8 = -2*p + n. What is the highest common divisor of 8 and p?
4
Let i(d) = -15*d**2 + 4*d - 3. Let t be i(2). Let k = t - -95. Suppose 9*m - 11*m + 8 = 0. What is the highest common divisor of k and m?
4
Let n(t) = 39*t. Let u be n(1). Let w be 12/2*117/27. Calculate the highest common factor of w and u.
13
Suppose -5 = -p + 35. Suppose -p - 75 = -5*a. What is the highest common divisor of a and 184?
23
Suppose 4*j - 6 - 6 = 0. Suppose -32 = -j*x - 11. Let l = x + 4. Calculate the highest common divisor of l and 44.
11
Suppose 0 = -3*y + y + 154. Let h = -2 - -4. Suppose h*j = -j + 33. Calculate the highest common divisor of y and j.
11
Let b(o) = -o + 32. Let u be b(15). What is the highest common factor of u and 187?
17
Let j be (1 + -16)*(-18)/27. Calculate the greatest common divisor of 2 and j.
2
Suppose 5*f - 72 = 278. Calculate the highest common factor of f and 10.
10
Suppose 3*o - 2 - 1 = 0. Let n be (78/4)/(o/2). Let m = 6 - -20. What is the greatest common factor of n and m?
13
Suppose 4*l - 4*a = 5*l - 21, a - 5 = 0. Let m(y) = 144*y - 1. Let n be m(l). Calculate the highest common divisor of n and 13.
13
Suppose y - 11 = 2*r - 0*r, -r - 14 = -y. Calculate the highest common divisor of y and 153.
17
Let k be (-3)/1 + 1 + -10. Let b = k + 20. Calculate the greatest common factor of b and 2.
2
Let x = 28 + -10. Calculate the highest common divisor of 6 and x.
6
Let u = 8 + 2. What is the greatest common divisor of 4 and u?
2
Let f = 905 - 611. Let k = -164 + f. Calculate the highest common factor of k and 26.
26
Let l(c) = c + 3. Let r be l(9). Let p(x) = -23*x + 4. Let w be p(-4). Calculate the greatest common divisor of r and w.
12
Suppose -r + 4 = -3*r, -3*s = -3*r - 558. Calculate the greatest common divisor of s and 23.
23
Let z be (-15)/45 + 831/9. What is the greatest common divisor of 69 and z?
23
Let m be (-2)/5 - (-18)/(-5). Let p = 4 + m. Suppose 0 = c - p*c - 28. Calculate the greatest common factor of c and 4.
4
Let v(z) = 297*z**2 + z - 1. Let m be v(1). Calcula